ppose -704 = -b*u + m. Is u composite?
False
Let a be (-3)/9 - (0 - 14390/6). Let n = -605 + a. Is n composite?
True
Suppose -3*a + 20 = 5*h, 8*a = -h + 10*a + 4. Suppose h*t - 152983 = -13*t. Is t prime?
True
Suppose 4*v - 4*s = 0, 4*s = -27*v + 24*v - 14. Is -5 + 11672/2 - v composite?
True
Let r(c) = -c - 5. Let n be r(-5). Let v(d) = -3*d. Let w be v(-1). Suppose 0 = -4*u - w*m + 1094 + 887, n = u + 5*m - 508. Is u prime?
False
Let f be 52*(83/4 - 1). Suppose 3*s + 835 = -1223. Let r = s + f. Is r a prime number?
False
Suppose 327*i = -164*i + 283661011. Is i a composite number?
False
Suppose -591*j + 594*j - 694587 = 0. Is j composite?
False
Suppose -44*t = -40*t - 124. Suppose 34*i - 12360 = t*i. Suppose -c + i = 4*h, -h - 3*c - 405 + 1424 = 0. Is h prime?
True
Let i = -6185 - -15286. Is i composite?
True
Let x(y) = 1586*y**2 + 6*y - 1. Let j be x(1). Suppose 4*t + 203 = j. Is t composite?
False
Suppose 0 = 4*a - 2 - 18. Let r be a/(-20) + -63863*3/12. Is r/(-18)*(1 + 0) prime?
True
Let u(n) = 17*n + 580. Let t be u(-34). Suppose f = 4*f - 18. Suppose b + t*m - 247 = 0, m = f*b - 3*b - 755. Is b a prime number?
True
Let g(l) = l**2 + 16*l - 21. Let h be g(-17). Let z be 212*2 + (h - -5). Suppose -a + 5*q + z = -841, 0 = 5*a - 4*q - 6309. Is a a prime number?
False
Let a = -404880 - -673069. Is a a prime number?
True
Suppose 0 = -2*l - f + 90913, -3*f + 94071 = 3*l - 42303. Is l a prime number?
False
Suppose 0 = -4*w + 4*o + 12, 12*w - 8*w - o - 9 = 0. Let l be (-10557)/(-12) - 2/(-8). Suppose -w*x + 3786 = -l. Is x composite?
False
Suppose -8*d = 2*d + 1150. Let i(y) = 2*y**3 - 6*y**2 - 3*y + 14. Let l be i(6). Let c = l + d. Is c a prime number?
True
Let t be (375/50)/((-6)/(-39632)) + 1. Let x = t - 33868. Is x a prime number?
False
Let i = 22 + -11. Suppose -s = -i*s + 90. Suppose s*c = 13*c - 332. Is c composite?
False
Let d(x) = -x**3 + 70*x**2 + 148*x - 17. Is d(52) a composite number?
True
Is (-69 + 23752736/95)*(1 + 4)*1 prime?
True
Let r(m) = 7692*m - 1099. Is r(6) a prime number?
True
Let q(j) = 395874*j**2 + 3*j - 5. Is q(2) a prime number?
True
Let o = 4603 + -1440. Suppose 2*r - o = r. Is r a composite number?
False
Let u be (107/(-4))/(((-19)/36)/19). Let d = u - 124. Is d composite?
False
Suppose 2*a - 7*a = -o + 28, -a + 4 = 3*o. Suppose 0 = 25*r + 17*r - 2761 - 16475. Suppose -o*p + r = -2*p. Is p a prime number?
False
Let r(q) = -28*q**3 - 34 + 131*q**3 + 20*q + 4*q**2 - 66*q**3 + 4*q. Is r(9) composite?
False
Let a(l) = 4*l**2 + 21*l + 15. Let o(g) = -3*g**2 - 20*g - 14. Let p(y) = -2*a(y) - 3*o(y). Let r be p(-7). Let v = -16 - r. Is v prime?
False
Let n = 95 - 5. Suppose -2*o + 227 = -3*o. Let h = n - o. Is h prime?
True
Suppose -3*w + 12 = 36. Let t = -171 + 380. Is 2*t - (13 + w) a prime number?
False
Let f be (4 + (-44)/12)/((-1)/(-33)). Suppose f*r - 24068 = 7*r. Is r prime?
False
Suppose r + 325346 + 70795 = 5*j, 2*r = -3*j + 237695. Is j a prime number?
True
Let m(p) = -p**2 + 2*p - 1. Let n(w) = 84*w**2 - 8*w - 33. Let g(u) = 4*m(u) + n(u). Is g(10) a prime number?
True
Suppose 0 = u - 4*c - 547 - 15564, 5*u = -c + 80555. Let n = u - 278. Is n composite?
True
Let d(m) be the third derivative of m**5/60 - 3*m**4/8 - 14*m**3/3 - 27*m**2. Let x be d(11). Is ((-4220)/x)/(32/48) a composite number?
True
Let v = -24 + 22. Let c(o) = -o**3 - 3*o**2 + 5*o + 3. Let w be c(-4). Is 2318 - w - 0 - v composite?
True
Let f = -4632 + 10552. Let g = f + -2981. Is g prime?
True
Let o be 1011*(-57)/(12/(-4)). Let a = o + -13618. Is a composite?
False
Let d(o) = 19*o**2 + 84*o - 2321. Is d(40) a prime number?
False
Let k(w) be the third derivative of -w**6/120 - 19*w**5/60 + 3*w**4/4 + 11*w**3/6 - w**2 + 26*w. Is k(-24) composite?
False
Let i = 118443 - -34816. Is i a composite number?
False
Let y = -529 + 1350. Suppose b + y = 5394. Is b a composite number?
True
Is 0 + 42669 + 126/(-21) composite?
True
Let m be (-19)/((-15)/30*(-2)/(-19)). Suppose 3*h - 380 = m. Is h prime?
False
Suppose -972925 + 82946 = -19*v. Is v prime?
False
Suppose 0 = 3*k - 2*k + 5, 5*f - 40 = 4*k. Suppose 5*a = -l + 77730, -f*a + 23*l - 20*l + 62165 = 0. Is a prime?
False
Suppose 13*g = 14*g + 2*w - 2931, -w = -5*g + 14666. Is (1 + -1)/(-2 + -3) + g a composite number?
True
Let u(l) = -1424*l - 114. Let c be u(10). Let q = 20481 + c. Is q prime?
False
Is ((-8)/(-3))/(480/6382980) prime?
True
Let r(g) = 368*g - 47. Let j = -248 + 251. Is r(j) composite?
True
Suppose -3*c - 5*g + 44568 = 0, 5*c + 5*g = 94599 - 20329. Is c composite?
False
Let v(x) = 28*x**2 + 291*x + 622. Is v(-83) prime?
True
Suppose -18*u - 6 = -21*u. Is u*3 + 2109/3 a prime number?
True
Let i = 21 + -5. Let h = 19 - i. Suppose 3*m - h*b - 259 = 5, 2*b + 90 = m. Is m composite?
True
Let p = 3119 - 6251. Let s = 5465 + p. Is s a composite number?
False
Suppose -187*y + 669227 = -183*y - b, 2*b + 501909 = 3*y. Is y a prime number?
True
Let h(l) = 80*l**2 - 9*l - 8. Is h(-21) composite?
False
Let u(y) = 9*y**2 - 24*y + 3. Let b be u(3). Let k(g) = 11*g**2 - 4*g + 35. Is k(b) a prime number?
True
Let s(y) = 9414*y**2 + 785*y - 6339. Is s(8) a composite number?
True
Suppose l = 48*l - 9870. Is l/140 - 9935/(-2) a prime number?
True
Let o = -191 - -191. Suppose -6*c + 4763 + 29215 = o. Is c composite?
True
Let g be 4*-2*(-18)/72. Suppose -151 = -g*p + 111. Let u = p - 78. Is u a prime number?
True
Let p(l) = 22*l**3 - 2*l**2 - 70*l + 1527. Is p(19) composite?
False
Let h = -122740 - -223343. Is h prime?
False
Suppose 5*x = 3*h - 106104, 0 = -3*h - 16*x + 14*x + 106083. Is h composite?
False
Let n(i) = -i - 2. Let y be n(3). Let a be y/(-1) - 27/9. Is (a*2/8)/(18/83988) composite?
False
Suppose -1131424 = -4*h - 448*o + 445*o, 1131392 = 4*h - 5*o. Is h composite?
True
Suppose 291*q - 267826 = 265*q. Is q composite?
False
Suppose -3*r + 3*v = 4*v - 352, -r = -3*v - 134. Let d = r - 113. Is 28172/20 - d/(-15) a composite number?
False
Suppose -8*g + 7834 = -6*g. Let m = g + -1608. Is m a composite number?
False
Let b(c) = 34 + 28*c**3 - c**2 - 64*c**3 + 27*c**3 - 3*c - 2*c**2. Let j(y) = -y**2 + y + 3. Let m be j(4). Is b(m) prime?
True
Suppose 448*k = 23507632 + 25449360. Is k composite?
False
Let t be 61/(4/20 - (-759)/(-3870)). Is 14/70 + t/10 prime?
False
Let a be (-88)/3*(-26760)/80. Let y(x) = x**3 + 8*x**2 - 3*x - 4. Let s be y(-8). Is a/s - 1*(-2)/5 composite?
False
Let q(y) = -10 + 60*y - 38*y - 1 + 0 - 17*y**2. Let x be q(11). Let j = 2703 + x. Is j prime?
True
Let x = 102 - 151. Let g = 41 + x. Is 1047 + (g/12)/(1/(-3)) a prime number?
True
Suppose -84 = -25*l + 4*l. Suppose -4*y = -l*s + 7252, 2*s - 6*y = 242 + 3392. Is s a prime number?
True
Let t = -49 - -48. Suppose -6*n + 8*n = 0. Is t/((-2)/5218 + n) a composite number?
False
Suppose -d + 4*d + 3*p = 6, -p = -3*d + 10. Suppose 6*q - 19561 = q - d*t, -q = t - 3911. Let n = 6849 - q. Is n composite?
True
Suppose 35*k - 97944 = 3*j + 31*k, -4*j = 4*k + 130592. Let z = -10987 - j. Is z composite?
False
Let m(b) = -59*b**3 - 5*b**2 - 46*b - 151. Is m(-9) prime?
False
Let k be (-7*5/(-70))/((-4)/64). Let f(z) = 628*z**2 + 15*z - 9. Is f(k) prime?
True
Let m = -82 - -111. Let j = -26 + m. Is j/(-12) + (-7988)/(-16) prime?
True
Let s(z) = 56*z**3 + 22*z**2 - z - 55. Is s(14) a composite number?
False
Suppose 15 = 72*p - 67*p. Suppose 8 = -v + p*v. Is (-42)/v*(-3878)/21 a prime number?
False
Let f(j) = 4*j**2 - 6*j + 51. Let s(a) = -a**2 - a - 1. Let h(t) = t. Let v(z) = h(z) + s(z). Let n(b) = -f(b) - 6*v(b). Is n(-19) composite?
False
Let r(f) = 11*f + 108. Let v be r(-9). Suppose 3*n - 2*m - 4419 = 0, 0 = v*m - 7*m. Is n prime?
False
Let s = -2665 - -4449. Let g = s + 2253. Is g a composite number?
True
Suppose 3*d = 5*n + 334842 + 537119, 2*n = 4. Is d composite?
False
Suppose -16*u + 6947759 = -3*u. Suppose u = 32*j + 17*j. Is j a composite number?
True
Suppose 7*x = 58 + 54. Let j(f) = -8*f + 5 + 10*f**2 - 9*f**2 + x*f. Is j(6) a composite number?
False
Let d(g) = -g**2 - 5*g + 30. Let y be d(-9). Is (-5583)/y + (3 - 45/10) prime?
True
Let g be (-1 - -14983)/((-8)/(-7 + 3)). Suppose -2*u = p - g, -14441 = -2*p + 5*u + 550. Is p a composite number?
True
Suppose 0 = 10*q - 8*q + 8286. Let m(u) = 5*u + 7. Let n be m(-4). Is q*(n/